te s(42).
-64
Let o(g) = -g + 22. Determine o(3).
19
Let z(n) = 3*n + 42. Give z(-2).
36
Let t(x) = -x**3 + 10*x**2 + 18*x + 29. Determine t(14).
-503
Let c(y) = 15*y + 43. What is c(25)?
418
Let k(b) = b**2 + 13*b + 3. Determine k(-11).
-19
Let x(q) = -2*q**2 - 47*q + 3209. Give x(30).
-1
Let g(r) = -r**2 + 339*r + 3109. Calculate g(-9).
-23
Let a(t) = 13*t**2 + 29*t - 24. Give a(-3).
6
Let t(n) = -2*n**3 - 23*n**2 - 67*n - 11. Give t(-5).
-1
Let r(h) = 847*h + 3114. Give r(-4).
-274
Let j(i) = 2*i**3 - 98*i**2 + 16*i - 268. Give j(49).
516
Let a(d) = d**3 + 16*d**2 - 165*d - 45. Determine a(-23).
47
Let v(j) = 882*j**2 - 4415*j + 18. What is v(5)?
-7
Let k(i) = -63*i - 466. Determine k(-7).
-25
Let p(g) = 71*g - 1680. What is p(24)?
24
Let x(o) = o**3 - 8*o**2 - 383*o + 10. Give x(-16).
-6
Let p(u) = u**3 - 57*u**2 - 375*u - 107. Determine p(63).
82
Let u(j) = -122*j - 14392. What is u(-118)?
4
Let x(m) = m**3 + 10*m**2 - 34*m - 12. Give x(-12).
108
Let p(f) = 2*f**3 - 35*f**2 + 11*f - 512. Give p(18).
10
Let u(v) = -9*v**2 + 310*v - 152. Give u(34).
-16
Let s(u) = 50*u**2 - 3748*u - 149. Give s(75).
1
Let r(a) = 51*a - 47. Give r(-7).
-404
Let y(b) = b**3 + 19*b**2 + 89*b - 7. Give y(-10).
3
Let b(q) = -q**3 - 33*q**2 + 57*q + 761. Determine b(-34).
-21
Let v(y) = 626*y - 12519. Calculate v(20).
1
Let s(z) = -16*z**2 - 173*z + 28. Calculate s(-11).
-5
Let m(b) = -1664*b + 9975. Calculate m(6).
-9
Let m(a) = 50*a - 474. Give m(10).
26
Let r(c) = -149*c + 1334. What is r(9)?
-7
Let r(c) = -660*c + 7263. What is r(11)?
3
Let b(f) = f**3 - 10*f**2 + 36*f - 480. Calculate b(12).
240
Let r(b) = b**3 + 15*b**2 + 30*b - 22. Determine r(-11).
132
Let n(m) = -m**2 + 11*m + 639. What is n(31)?
19
Let s(j) = 8*j**2 + 82*j + 93. Give s(-9).
3
Let f(u) = u**3 - 17*u**2 + 97*u - 1322. Give f(16).
-26
Let r(s) = -65*s - 8. What is r(1)?
-73
Let d(o) = -8*o**2 + o - 1. Calculate d(3).
-70
Let m(r) = -r**3 - 12*r**2 - 36*r - 15. Determine m(-8).
17
Let c(x) = 6*x**3 - x**2 + 67*x - 200. What is c(3)?
154
Let n(t) = -232*t + 1552. Calculate n(7).
-72
Let k(n) = 4*n**2 - 138*n - 1544. Give k(-10).
236
Let r(n) = n**3 - 33*n**2 + 83*n + 225. Give r(30).
15
Let n(d) = 175*d - 1090. Determine n(6).
-40
Let z(t) = t + 807. Give z(-60).
747
Let k(f) = -298*f + 11507. Give k(39).
-115
Let c(p) = 208*p - 35. Determine c(-1).
-243
Let g(y) = 2*y**2 - 195*y + 3150. Determine g(77).
-7
Let b(k) = k**3 + 29*k**2 - k - 50. Calculate b(-29).
-21
Let m(t) = -3*t**2 + 30*t + 143. Give m(-6).
-145
Let b(n) = -n**3 - 41*n**2 - 32*n - 535. Determine b(-40).
-855
Let h(j) = 7*j**3 + 78*j**2 + 18*j - 13. Calculate h(-11).
-90
Let c(v) = -219*v - 901. Give c(-4).
-25
Let v(i) = 6*i**2 + 44*i + 1. Determine v(-7).
-13
Let n(r) = -1423*r + 68330. Give n(48).
26
Let k(b) = 2*b**3 - 8*b**2 + 8*b - 12. Give k(4).
20
Let o(j) = j**3 + 89*j**2 + 1476*j + 126. Calculate o(-67).
-8
Let b(o) = 90*o**2 - 275*o - 1. Determine b(3).
-16
Let w(d) = 165*d + 1414. Give w(-9).
-71
Let h(d) = -5*d + 194. What is h(19)?
99
Let n(g) = -g**2 - 250*g - 2426. Determine n(-10).
-26
Let s(p) = -7*p**2 + 27*p - 4. What is s(7)?
-158
Let f(j) = 340*j - 2722. Determine f(7).
-342
Let c(k) = -3*k**3 - 34*k**2 - 17*k - 44. Determine c(-11).
22
Let m(x) = -2*x**2 + 256*x - 254. Calculate m(127).
0
Let t(b) = b**3 + 19*b**2 + 22*b - 26. Determine t(-18).
-98
Let s(j) = -35*j + 192. What is s(5)?
17
Let y(n) = -36*n**2 - 247*n - 490. What is y(-2)?
-140
Let c(i) = -i**2 - 30*i + 454. Give c(-43).
-105
Let o(j) = -45*j**2 - 2439*j - 452. Give o(-54).
34
Let j(q) = q**2 + 15*q + 56. Determine j(-8).
0
Let i(b) = 2*b**3 + 55*b**2 - 25*b + 88. Calculate i(-28).
4
Let b(q) = -q**3 - 34*q**2 + 337*q + 161. Calculate b(-42).
119
Let k(h) = -45*h**3 + 630*h**2 - h + 23. Determine k(14).
9
Let o(t) = 10*t + 40. Give o(-6).
-20
Let u(s) = -s**2 - 167*s + 12012. Calculate u(54).
78
Let k(h) = -h**3 + 12*h**2 + 53*h - 140. Give k(15).
-20
Let u(i) = 128*i + 650. Determine u(-5).
10
Let v(c) = -c**3 + 4*c**2 + 13*c - 10. Determine v(5).
30
Let k(u) = 31*u**2 + 98*u + 315. What is k(-3)?
300
Let r(z) = 6*z**3 - 4*z**2 + 17*z + 21. What is r(-1)?
-6
Let n(i) = 99*i - 47. Give n(3).
250
Let d(g) = -g**3 - 5*g**2 + 12*g - 20. Give d(0).
-20
Let k(s) = -s**3 + 69*s**2 + 532*s - 65. Calculate k(76).
-65
Let p(g) = -172*g - 703. Give p(-4).
-15
Let r(i) = -i**2 - 13*i - 66. What is r(-8)?
-26
Let j(q) = 1066*q + 34110. Determine j(-32).
-2
Let f(d) = -57*d**3 - 13*d**2 + 38*d - 13. Determine f(2).
-445
Let o(u) = 62*u - 354. What is o(7)?
80
Let k(b) = -b**2 + b + 783. Give k(27).
81
Let k(x) = x**3 - 13*x**2 - 18*x + 44. Calculate k(14).
-12
Let n(u) = -14*u + 180. Give n(6).
96
Let i(l) = 4*l**3 - 29*l**2 + 12*l - 31. What is i(7)?
4
Let s(x) = x**2 - 7*x - 613. Give s(28).
-25
Let q(x) = -x**3 - 26*x**2 - 65*x + 34. Give q(-23).
-58
Let y(i) = -8*i + 54. Give y(2).
38
Let c(l) = -39*l + 3822. Give c(98).
0
Let n(g) = 63*g**3 + 52*g**2 + 52*g - 1. What is n(-1)?
-64
Let h(m) = m**2 + 105*m + 100. What is h(-1)?
-4
Let t(a) = 121*a**2 - 25286*a - 633. Give t(209).
-6
Let q(g) = -20*g - 1396. Calculate q(-59).
-216
Let j(o) = -o**3 - 64*o**2 + 137*o + 344. What is j(-66)?
14
Let s(n) = -n**2 - 69*n - 883. Calculate s(-52).
1
Let z(x) = x**3 + 24*x**2 + 29*x + 136. Give z(-12).
1516
Let t(o) = -2*o**3 - 40*o**2 - 201*o - 114. What is t(-12)?
-6
Let m(c) = -139*c - 1289. Calculate m(-9).
-38
Let g(y) = -96*y - 3452. Give g(-36).
4
Let y(l) = l**3 + 19*l**2 + 103*l + 212. Calculate y(-6).
62
Let d(h) = 5*h**3 + 3*h**2 + 5*h + 15. Give d(-2).
-23
Let b(x) = 83*x + 487. Determine b(-6).
-11
Let s(h) = -29*h - 167. Determine s(-12).
181
Let q(r) = -2*r**2 + 51*r - 319. Give q(10).
-9
Let b(y) = -20*y + 459. Determine b(22).
19
Let j(z) = -5*z**2 - 398*z - 1025. Determine j(-77).
-24
Let l(j) = 604*j - 44095. Calculate l(73).
-3
Let m(d) = -7*d**2 - 268*d - 2516. Determine m(-22).
-8
Let q(g) = 8*g**2 - 316*g + 44. Calculate q(40).
204
Let l(d) = d**2 - 92*d - 2546. What is l(-22)?
-38
Let z(g) = -g**3 + 24*g**2 - 15*g + 339. Give z(24).
-21
Let j(s) = 2*s**2 - 19*s - 115. Give j(-6).
71
Let f(m) = 5*m + 103. Determine f(-9).
58
Let k(m) = -8*m + 291. Determine k(-10).
371
Let d(i) = -i**3 + i**2 + 205*i + 70. Determine d(0).
70
Let q(g) = -38*g**2 - 290*g + 586. What is q(2)?
-146
Let b(k) = 5*k**2 - 126*k - 124. What is b(-1)?
7
Let b(v) = -2*v**2 + 136*v - 94. Calculate b(67).
40
Let t(w) = -15*w + 200. Calculate t(11).
35
Let j(b) = -b**3 + 15*b**2 + 5*b - 39. Calculate j(16).
-215
Let h(o) = 28*o**2 - 20*o. Calculate h(3).
192
Let h(f) = -f**2 + 11*f - 7. What is h(4)?
21
Let x(g) = -10*g**2 + 70*g + 6. Give x(7).
6
Let g(y) = 125*y + 52. Give g(-1).
-73
Let t(r) = -4*r**2 + 101*r + 44. What is t(25)?
69
Let q(w) = 60*w + 52. Calculate q(3).
232
Let u(o) = -o**2 + 56*o + 281. What is u(52)?
489
Let x(l) = 2*l**3 + 101*l**2 + 53*l + 113. Give x(-50).
-37
Let j(g) = -2*g**3 - 7*g**2 - 13*g - 58. Calculate j(-4).
10
Let z(f) = -f**3 - 5*f**2 + 10*f - 24. Determine z(-7).
4
Let a(w) = 6*w + 132. Determine a(-38).
-96
Let r(x) = 12*x**2 + 25*x + 8. Give r(-2).
6
Let s(n) = n**3 + 2*n**2 - 10*n - 11. What is s(-2)?
9
Let v(k) = 130*k - 2647. Give v(21).
83
Let y(u) = 4*u - 58. What is y(5)?
-38
Let h(i) = -1846*i - 38769. Give h(-21).
-3
Let l(k) = -k**2 + 26*k - 28. What is l(1)?
-3
Let h(r) = -r**2 + 57*r - 525. Determine h(46).
-19
Let n(p) = p**3 + 42*p**2 - 17*p - 724. What is n(-42)?
-10
Let v(f) = -54*f - 3164. What is v(-62)?
184
Let k(j) = 75*j - 361. Determine k(13).
614
Let m(k) = -k**2 - 469*k - 38989. What is m(-361)?
-1
Let a(p) = -6*p - 188. Determine a(-9).
-134
Let x(w) = 1737*w - 97271. Give x(56).
1
Let t(u) = 17*u**3 - 95*u**2 + 56*u - 36. Calculate t(5).
-6
Let t(a) = 6*a - 39. Determine t(5).
-9
Let y(d) = -26*d**3 + 16*d**2 + 24*d + 2. Determine y(-2).
226
Let n(p) = 4*p**2 + 152*p + 103. Calculate n(-38).
103
Let m(k) = 73*k + 494. Calculate m(-7).
-17
Let p(d) = -33*d**3 + d**2 - d. Give p(1).
-33
Let i(d) = -d**2 + 41*d - 99. Determine i(42).
-141
Let t(m) = -m**3 - 34*m**2 + 238*m - 111. Calculate t(-40).
-31
Let f(k) = 2*k**2 - 79*k - 1013. Determine f(-10).
-23
Let r(m) = 4*m**3 + 7*m**2 - 5*m + 17. What is